 - 19*b - 2 + 43*b - 23*b. Let w(o) = -o**3 - 6*o**2 - 11*o - 8. Let m be w(-4). What is q(m)?
9
Let u(f) = 3*f - 15. Let y be u(6). Let g(z) = 1. Let c(q) = 16 - 14 - 70*q + 72*q. Let p(l) = c(l) - 4*g(l). What is p(y)?
4
Let j(g) be the second derivative of -1/12*g**4 + 7*g + 0 + 7/6*g**3 + 3*g**2. Let m(r) = r**2 - 20*r + 8. Let c be m(20). Give j(c).
-2
Let n(f) = -2*f - 2. Suppose -7*g + 16 + 19 = 0. Suppose 0*a - 15 = g*a. What is n(a)?
4
Let k(d) = 84*d + 149. Let b(o) = 212*o + 372. Let c(m) = 7*b(m) - 18*k(m). Give c(-6).
90
Let x(w) = 11*w**3 + 3*w**2 + 26*w + 18. Let u(k) = 26*k**3 + 7*k**2 + 53*k + 34. Let c(p) = 3*u(p) - 7*x(p). What is c(-4)?
4
Suppose -3*q = -3*s - 2*q - 750, 0 = 4*s - 3*q + 995. Let r = -244 - s. Let a(j) = j**3 - 8*j**2 + 10*j - 10. What is a(r)?
11
Let r(q) be the third derivative of -q**5/60 - 17*q**4/24 + q**3/6 + 300*q**2 + 5. What is r(-8)?
73
Let x(j) = 31*j + 1326. Let b be x(-43). Let f(s) = s**3 + 7*s**2 - s + 4. Give f(b).
11
Let s(r) be the second derivative of 5/2*r**3 + 0 + 0*r**2 - 1/120*r**5 + 1/6*r**4 + 7*r. Let c(f) be the second derivative of s(f). What is c(4)?
0
Let b(i) be the first derivative of i**3/3 - 19*i**2/2 + 14*i - 53. Let y = 220 + -201. Determine b(y).
14
Let c(j) be the first derivative of 4*j**3 - j**2/2 - 6. Let x(u) = -17*u**2 + 2*u - 21. Let n be x(3). Let k = n + 169. Give c(k).
11
Let w = 8 + -8. Let a be w + -3 + 0 + 0. Let y(q) be the second derivative of -q**3/3 + 3*q**2/2 - 44*q. What is y(a)?
9
Let v be (-12)/(39/((-39)/(-2))). Let k(u) = -2*u**3 - 11*u**2 + 6*u - 8. What is k(v)?
-8
Let p(r) = -r**2 + 3*r - 2. Let i be p(0). Let y be 7*2*i/4. Let f be (-38)/y + (-12)/28. Let x(g) = -g**3 + 4*g**2 + 8*g - 5. Calculate x(f).
10
Let n = 263 - 251. Let u(s) = 3*s - 12. Calculate u(n).
24
Let c(h) = -5 - 6*h + 3*h + 8*h**2 - 282*h**3 + 551*h**3 - 270*h**3. Give c(7).
23
Let b = -719 + 713. Let o(z) = 24*z + 141. Calculate o(b).
-3
Let z(f) = 88*f**3 + 14*f**2 - 21*f + 1. Let p(w) = 31*w**3 + 5*w**2 - 7*w. Let d(m) = 17*p(m) - 6*z(m). Calculate d(3).
-3
Suppose -4*i + 56*a + 3 = 59*a, 3*i = -2*a + 4. Let y(t) = -53*t + 315. Determine y(i).
-3
Let u(f) = -f**3 + 2*f**2 + 2*f + 2. Let g(q) = -2*q**2 - 5*q + 6. Suppose -10 = -2*t - 12. Let b be ((-10)/10)/((-3)/9*t). Let a be g(b). Calculate u(a).
-1
Let b(h) = h**2 - 3*h - 4. Let p(u) = 185 - 100 - 3*u - 95. Let x be p(-5). What is b(x)?
6
Let v(b) = -2*b**2 + 12*b + 76. Suppose -2*i - u - 5 = 0, 4*i - 2820*u = -2818*u - 22. Give v(i).
-4
Let o(b) = -5*b**2 - 63 - 5*b - 9*b**2 - 9765*b**3 + 9764*b**3. Calculate o(-14).
7
Let t(m) = 4*m**2 - 22 - 63 + 0*m**2 - 5*m**2 + 14*m - 36*m. Give t(-17).
0
Let r(h) be the third derivative of -h**6/120 + 19*h**5/60 + 5*h**4/6 + 5*h**3/2 - 10*h**2 - 12. Calculate r(20).
15
Suppose -2382*o - 2383*o + 30 = -4759*o. Let b(w) be the second derivative of -w**4/12 + w**3/2 + w**2/2 - w. Give b(o).
-9
Let m(j) be the first derivative of j**2 - 45*j - 19. Calculate m(19).
-7
Let t be 2/2*(-5 - -28). Let y(u) = 2*u + 9 - t*u + 6*u + 7*u + 5*u. What is y(-11)?
42
Let w(f) = -7*f**2 - 7 + 9 + f**3 + 4*f + f. Let j(t) = 4*t**3 + t. Let i be j(1). Let c be 4*9*(0 + i/30). Calculate w(c).
-4
Let u(b) be the third derivative of -b**4/12 - 7*b**3/3 - b**2 + 128*b. Give u(-13).
12
Suppose -11*p + 7 = -4. Let x(u) = 12*u - 2. Let q be x(4). Let r(f) = -18 - 3*f**2 - 27 + q - 2*f. Calculate r(p).
-4
Let f be 15221/(-62) + 6/4. Let y = f - -246. Let s(u) = 2*u - 2. Give s(y).
2
Let s = -2947 + 2942. Let c(i) = i**3 + 4*i**2 + 18. What is c(s)?
-7
Let m be (-32)/(1 - -3) + (-13 - -13). Let z(c) = -4*c**2 - 33*c - 11. Determine z(m).
-3
Let f be (-83 - 9)*2*(-27)/(-24). Let o be 1 - (-22)/(-18) - 874/f. Let m(d) = -5 + o*d - 5*d - 1 + 3. Determine m(0).
-3
Suppose 1 = c - 2*b, 0 = 12*b - 14*b - 12. Let m(y) = y**2 + y - 41. Give m(c).
69
Let u(z) = -z**3 - 85*z**2 - 751*z - 93. Let c be u(-75). Let d(t) = -2*t**3 - 35*t**2 + 19*t + 36. What is d(c)?
18
Let f(o) = -o**3 + o**2 - 8*o + 1. Let s(j) = -17*j**3 - 4 - 5*j**2 + 34*j - 17*j**3 + 39*j**3. Let p(w) = 9*f(w) + 2*s(w). Calculate p(3).
7
Let g(f) = 4*f + 1. Suppose 3*m = 3*j - 153, -3*j - 4*m = -0*m - 118. Let c = -43 + j. Let w(y) = 3*y. Let u(a) = c*w(a) - 2*g(a). Give u(6).
4
Let b(s) = 5*s**2 - 336*s + 400. Let m be b(66). Let h(o) = -2*o**2 - 7*o + 9. What is h(m)?
-51
Let w be 14/(-5) + (-5)/(-75)*-3. Let j(m) = -4*m**3 - 3 + 0 - 313*m**2 + m**3 - 4*m + 309*m**2 + 2*m**3. What is j(w)?
0
Let t(o) be the second derivative of -17*o**3/3 - 65*o**2/2 + 716*o. Calculate t(-2).
3
Let a(t) = -t**3 - 12*t**2 + 2*t + 11. Let c be a(-10). Let s = c - -207. Let p(i) = 3*i**3 - i**2 - i - 2. Determine p(s).
-28
Suppose 3*w + 0*o = 2*o + 29, 5*o = -4*w + 31. Let m be 2/6 - (-249)/w. Let j = m - 18. Let c(u) = -u**2 + 10*u + 14. Determine c(j).
14
Let n(x) = 5*x - 5. Let z(o) = -6*o + 5. Let i(p) = 4*n(p) + 3*z(p). Calculate i(4).
3
Let l(r) be the first derivative of -r**2 - 8*r - 438. Let v = 5 - 12. Let i = -1 + v. Give l(i).
8
Let v = -350 + 408. Let b be 11/33 + v/6. Let m(j) = -j**2 + 10*j + 14. Calculate m(b).
14
Let g(p) = -6*p - 1. Suppose 0*t + 22 = 11*t. Suppose -2*d - 9*c + 5*c - 4 = 0, -4*c + t = -d. Determine g(d).
11
Suppose 3*g = 0, -2*p + 45 = p - 2*g. Suppose 0 = -5*n - p, 5*x + 14 = 5*n - 1. Let a(s) = -24*s - s**2 - 9 - 24*s + 68*s - 27*s. Give a(x).
-3
Let o(m) = m**2 + 8*m + 7. Let f(b) = -b**3 - 8*b**2 + 10*b + 78. Let q be f(-8). Determine o(q).
-5
Let x(t) = -t + 2*t**3 - 1 + t**3 - t**2 + 2*t**2. Suppose -24*k + 6*k - 7*k = 50. Determine x(k).
-19
Let f(o) = -2*o - 38. Suppose 560*l = 182 + 15498. Determine f(l).
-94
Let q = 29 + -20. Let n be q/2*20/(-30). Let m(x) = 4*x**2 - 4 - 197*x + 103*x + 97*x + x**3. What is m(n)?
-4
Let y(l) = -7*l + 4. Suppose 46*o - 2 - 149 = 125. Give y(o).
-38
Suppose 9894 = -55*f + 9619. Let k(b) = -b**2 - 11*b - 19. What is k(f)?
11
Let w(z) = -z - 7. Let s = 194 - 194. Suppose s = 13*a - 11*a + 16. What is w(a)?
1
Let y(b) be the second derivative of b**3/3 - 3*b**2/2 - 402*b - 9. Suppose -4*x + 8 = -4*i, -i + 5*x - 6 = 3*x. What is y(i)?
1
Let i(c) = 26*c - 9. Let b(s) = 23*s - 10. Let r(x) = 7*b(x) - 6*i(x). Determine r(5).
9
Let m(d) = -d + 1. Let l(b) = 10*b - 11. Let w(p) = -l(p) - 5*m(p). Let u = -27250 + 27257. Calculate w(u).
-29
Let p(d) = 6*d + 133. Let k be p(-22). Let x(f) = -1. Let g(h) = 3*h. Let m(u) = -g(u) - 2*x(u). Let s(l) = l + 1. Let b(r) = k*s(r) + m(r). Give b(2).
-1
Let o(v) = 2 - 9 + 3*v**2 - 4*v**2 + 30 + 8. Calculate o(5).
6
Let j(p) = p**2 + 6*p + 2. Suppose c - 8 = -25. Let g = -13 - c. Suppose 5*r + 11 = y, 4 = y + g*r + 20. Determine j(y).
-6
Suppose -3*d + 87 = 78, -5*h - 4*d + 32 = 0. Let c(m) = -7*m**2 + 5*m - 10. Calculate c(h).
-102
Let x(w) = -w**3 - 17*w**2 - 26*w + 63. Let d be x(-15). Let n be (-6)/(-2)*1 - 0. Let o(u) = -n + 0*u - 9*u - d*u + 6*u. What is o(3)?
-21
Suppose 3*y = 3*l, -2*y = 21*l - 18*l. Let a(u) be the first derivative of u**2 - 9. Give a(l).
0
Let z(l) = 467 + 15*l**2 - 1416 - 10*l + 472 - 14*l**2 + 472. Give z(7).
-26
Let t(s) = 3*s + 1. Let g(v) = -2*v**2 + 11*v + 143. Let w(o) = -g(o) + 2*t(o). Let y(a) be the first derivative of w(a). Calculate y(6).
19
Let j(c) = c**3 + 41*c**2 + 41*c + 43. Let i be (114/(-152))/(2/(-4))*400/(-15). Calculate j(i).
3
Let k(v) = -2*v**2 - 18*v - 7. Let s be (-296)/(-37) - (-51)/(-3). Give k(s).
-7
Let a(p) be the third derivative of p**6/120 + 7*p**5/60 - p**4/12 + 7*p**3/6 - 4456*p**2. Determine a(-5).
67
Let n(y) be the third derivative of -y**5/30 + 5*y**4/12 - y**3 + 36*y**2. Let o(b) = -26*b + 4. Let a be o(10). Let c be 2/11 - a/44. Calculate n(c).
-18
Let i(f) = f**3 + 3*f**2 - 5*f + 2. Let p(g) be the first derivative of g**3/3 - g**2/2 - 10*g - 1. Let w be -12*(-4)/40 + 36/20. Let b be p(w). Give i(b).
6
Let v(u) = -2*u**2 - 11*u + 26. Let f be v(-7). Suppose -f*w + 3*d - 15 = 0, w - d - 6 = -9. Let q(a) = -a**2 + 2. Give q(w).
-7
Suppose -92*s - 101 = 1187. Let d(t) = -23*t - 331. What is d(s)?
-9
Let a(l) be the first derivative of l**2 + l - 7. Let h(j) = 2*j**2 - 15*j + 27. Let c be h(5). Give a(c).
5
Let w(q) = -167*q**3 + q**2 - 2 + 186*q**3 + 0*q + 2*q. Determine w(1).
20
Let j(q) = 8*q +